se -5*p + 105 = z - 31, p = 5*z - k. What are the prime factors of z?
2, 73
Let r(v) = -v**2 + 6*v - 7. Let s be r(5). Let c be -1 - 0 - (4 - s). Let x(n) = -14*n - 28. What are the prime factors of x(c)?
2, 5, 7
Suppose -n + 5*s + 313 = -0*s, -3*n + 2*s + 874 = 0. Suppose 11*k + 5*q + 1146 = 15*k, -k + 2*q = -n. What are the prime factors of k?
2, 71
Let h(q) = 119*q**2 - 3*q - 3. Let y be 148/6 - (-2)/(-3). Suppose 21 = 3*c + y. What are the prime factors of h(c)?
7, 17
Let a(x) = -x**2 - 17*x - 15. Let u be a(-16). Suppose -2*c + u = -c. What are the prime factors of 0 + c*-46*-1?
2, 23
Let m(i) = i**2 - 8*i + 21. Let v be m(6). Let d(l) = 2*l**2 + 16*l + 27. List the prime factors of d(v).
3, 37
Let i = -179 + 211. Suppose -5*b = 5*d - 470, 255 - i = 2*d - 5*b. What are the prime factors of d?
3, 11
Suppose 0 = -2*i - 3*q + 55621, -i - 1285*q = -1287*q - 27814. List the prime factors of i.
2, 17, 409
Let v(t) = -921*t - 72. Let n(c) = 184*c + 14. Let w(y) = -11*n(y) - 2*v(y). What are the prime factors of w(-2)?
2, 3, 59
Let i(w) = 278*w**3 + w**2 - 6*w. Let b be i(2). Suppose n - 2*z = 451, 3*z - b = -n - 4*n. Let f = -241 + n. List the prime factors of f.
2, 3, 17
Suppose -6*u - 11280 = 6*u. Let o = u + 1971. List the prime factors of o.
1031
Let i be (-1 + 11)/((-20)/15 + 2). Suppose 0 = -3*l - i, 438 + 35 = 2*s - 5*l. What are the prime factors of s?
2, 7
Let n(r) = -7*r - 29. Let w be n(-26). Suppose 2528 = 161*f - w*f. What are the prime factors of f?
2, 79
Let d be (-5)/15 + (-230)/(-15). List the prime factors of 3/(d/(-54)*2/(-35)).
3, 7
Let w = 1100 + -744. Suppose 64 = z - w. Suppose 5*c - 3*j - 768 = 217, -2*c - 4*j + z = 0. What are the prime factors of c?
2, 5
Let a(t) = 8*t + 74. Let p be (-12)/15 + (-696)/(-120). What are the prime factors of a(p)?
2, 3, 19
Suppose -89*z + 3159520 + 509772 = 0. What are the prime factors of z?
2, 11, 937
Let j(q) = 5*q - 168. Let r be j(34). Suppose -10*n = -9*n - r, 1966 = 4*h + 3*n. List the prime factors of h.
2, 5, 7
Suppose -3*l - 117 - 574 = -u, 0 = -3*u - l + 2093. Suppose -2*r = -2*b + 727 - 45, -u = -2*b - 3*r. What are the prime factors of b?
2, 43
What are the prime factors of ((-294)/30)/(7/(-21910))?
2, 7, 313
Suppose 0 = -2*v + 6, r - 113 = 5*v + 102. Let u be (r/3)/((-3)/(-18)). Suppose -6*z + u = -2*z. List the prime factors of z.
5, 23
Suppose 2*l + 67 = 5*u - 6*u, -3*u - 3 = 0. Let x(q) = 2*q**2 - 5*q - 6. Let k be x(-4). Let n = l + k. List the prime factors of n.
13
Suppose -8739265 + 582810 = -295*m. List the prime factors of m.
43, 643
Suppose 0 = 3*u - 2*y - 298 - 93, 0 = -5*u - y + 643. Suppose 2*t - u - 217 = 0. Suppose 3*b - 64 = t. List the prime factors of b.
79
Let b(q) be the first derivative of 3/2*q**2 + 16 - 3*q. What are the prime factors of b(17)?
2, 3
Suppose -5*f + 0*f = -30. Suppose 0 = -q - f*q + 189. Suppose -2*a + q = -23. List the prime factors of a.
5
Let d(i) = -13*i**2 - 4*i + 10. Let g(o) = -12*o**2 - 4*o + 9. Let n(v) = 2*d(v) - 3*g(v). What are the prime factors of n(3)?
5, 19
Let a be (-38)/5*(-30 + -5). Let f = -130 + a. List the prime factors of f.
2, 17
Let x = -12473 - -30968. Suppose 0 = 10*u + 5*u - x. What are the prime factors of u?
3, 137
Let a(p) = -p**3 - p**2 + p + 5. Let y be a(0). Suppose -m - 2365 = 5*b, 3*m + 2365 = -y*b - m. List the prime factors of 2/(-3 + b/(-157)).
157
Suppose 2*h - 425 = -3*h. Let x be h*(-5)/(20/(-28)). Suppose 6*u = -d + u + 95, 5*d - x = -u. What are the prime factors of d?
2, 3, 5
List the prime factors of -10 + (-7720)/(-16)*86 - -3.
2, 2593
Let l(s) = -57*s + 16. Let u be (-1 - (-9)/(-3)) + 9. Suppose j - u = -7. List the prime factors of l(j).
2, 5, 13
Let d = -337 - -346. Suppose 2*r - 1238 = n, -d*n + 8*n = 5*r - 3081. What are the prime factors of r?
617
Let j = 27987 + 9592. List the prime factors of j.
37579
Let r(i) = i**3 + 23*i**2 + 19*i + 21. Let n be r(-25). Let v = n - -3599. List the prime factors of v.
5, 379
Suppose 4*a - 5*d = 50028, 45*a - 3*d = 40*a + 62522. What are the prime factors of a?
2, 7, 19, 47
Let w = 92816 + -60991. List the prime factors of w.
5, 19, 67
Suppose -5*k - p = 68 - 63, -26 = 3*k - 4*p. List the prime factors of -1 + k/(-4) + 2961/6.
17, 29
Suppose -177*k - 11256 = -189*k. List the prime factors of k.
2, 7, 67
Let j(m) = -2*m + 5. Let z be j(4). Let y(f) = 8*f**2 + f**3 - 32*f - f**2 + 34*f. List the prime factors of y(z).
2, 3, 5
Suppose 0*t + 4*p = t, 4*p + 16 = 3*t. Let y be 145 - (-2 + t + -2). Let w = -76 + y. What are the prime factors of w?
5, 13
Suppose -b = 0, -4*b = -n + 1 + 5. List the prime factors of 82 - 8/(24/n).
2, 5
Suppose 5*z - 283 = 3*l + 107, 3*l - 420 = -5*z. Let d = z + -56. Let y = 70 - d. What are the prime factors of y?
3, 5
Let t(n) = -9 + 21 - 2 + 1 + 287*n. Let q be t(3). Suppose -4*d - 4*d + q = 0. What are the prime factors of d?
109
Suppose -8 + 12 = 2*d. Suppose 0*j + 6 = d*j. Suppose 2*r + 422 = 3*g, j*g + 4*r - 308 = g. What are the prime factors of g?
2, 3
Suppose 0 = -k - 4, 44382 = 5*y + 3*k + 2499. Suppose -22829 = -17*l - y. What are the prime factors of l?
2, 5, 17
Suppose 0 = -5*k + 5 + 5. Suppose -7*r + 11*r + 3*s = 469, k*r = -s + 237. What are the prime factors of 2 + 3 + r + -2?
2, 31
Suppose -2*y + 4 = -3*y, x - 3*y - 14 = 0. Let b(c) = 23*c - 4. Let h be b(x). Suppose 183 = 3*o - h. List the prime factors of o.
3, 5
Let b = 11971 + 6562. What are the prime factors of b?
43, 431
Let v be 12/2*(9/(-6) + 2). Suppose -v*j + z + 822 = 0, -7*z = -6*z - 3. List the prime factors of j.
5, 11
Suppose 224 = -4*m + 4*f, -2*f = 5*m + 2*f + 271. Let j = m - -63. Suppose -6*d + j*d - 170 = 0. List the prime factors of d.
5, 17
Suppose 31*d - 26*d - 114790 = 5*z, -d + 22964 = -2*z. List the prime factors of d.
2, 19, 151
Suppose 31415 = 9*c - 34609. What are the prime factors of c?
2, 7, 131
Suppose -114*d = -316*d + 3666906. List the prime factors of d.
3, 2017
Let j(d) = d**3 - 19*d**2 + 32*d + 27. Let r be j(16). Let v = 689 + r. List the prime factors of v.
2, 5, 23
Suppose -114612 = -3*w + n, -7*w - n = -9*w + 76409. List the prime factors of w.
11, 23, 151
Suppose -14 = -110*y + 103*y. What are the prime factors of ((-1)/y)/(9/(-20538))?
7, 163
Let o(b) = 4*b**2 - 5*b - 6. Let g = 0 + 1. Let m(r) = 7*r**3 - 2*r**2 + 1. Let v be m(g). What are the prime factors of o(v)?
2, 3
Let k(c) = 780*c**2 + 10*c + 6. What are the prime factors of k(-3)?
2, 3, 11, 53
Suppose 2*i + 18*n - 14200 = 23*n, -i + 4*n = -7094. What are the prime factors of i?
2, 3, 5, 79
Let w(p) = p + 12. Let c be w(21). Let u be -20*(6/(-2))/3. Let j = c - u. What are the prime factors of j?
13
Let x = 14 + -197. Let q = 1889 + -1554. Let y = q + x. List the prime factors of y.
2, 19
Let l = 11119 + -2215. List the prime factors of l.
2, 3, 7, 53
Suppose 0 = -6*c - 9689 + 701. Let v = 2654 + c. What are the prime factors of v?
2, 17
Let k(p) be the third derivative of -37*p**4/12 - 9*p**3/2 - 20*p**2. What are the prime factors of k(-5)?
7
Let b be ((-2)/1)/((-6)/15). Suppose -2*c = 4*f - 12, f + b*c + 14 = -1. Suppose 0 = 4*y - f*z - 205, 0*z + 95 = 2*y - z. What are the prime factors of y?
3, 5
Suppose 4*k + 9 = -x - 7, -2*x = 5*k + 44. What are the prime factors of (2*-3)/1*1712/x?
3, 107
Let i = 245 - -65. Suppose 3*l = 4*t - i, 2*t - 2*l - l = 158. What are the prime factors of (0 - 3 - -4) + t?
7, 11
Let d be 1/(45582/(-9117) - (-7 - -2)). Suppose 3*n - 3388 = -4*t - 1115, 4*n - 3*t - d = 0. What are the prime factors of n?
3, 11, 23
List the prime factors of 4/((-4)/(-23847)) - (4 - 0).
113, 211
Suppose 0 = -2*y - 0*y - 2*x - 8, -4*x = 2*y + 6. What are the prime factors of (1237/(-5) + -3)/(2/y)?
2, 313
Suppose -185*i + 52303 = -361*i + 887423. What are the prime factors of i?
5, 13, 73
Suppose 4*t + 237 = 7433. List the prime factors of t.
7, 257
Let n(j) = 28*j + 33. Let y be n(13). Let b = y - 284. What are the prime factors of b?
113
Suppose -4*h + 5420 = a, 0 = 5*h - a - a - 6762. What are the prime factors of h?
2, 677
Let i(w) be the third derivative of w**5/30 + w**4/6 - 25*w**3/3 + w**2. List the prime factors of i(7).
2, 19
Suppose -4*j = -b + 2*b + 6, 0 = 4*b - 2*j - 30. Let x be 5 - ((-684)/108 - (-1)/3). Suppose -b*s + x*s = 185.